at is the greatest common divisor of v and 16?
8
Let h(n) = 71*n + 0 + 0*n**2 - 1 + 5*n**2 - 69*n. Let q be h(1). Calculate the greatest common factor of 30 and q.
6
Let b = 303 - 263. What is the highest common divisor of 540 and b?
20
Let g = 50 - 37. Suppose -84 = -g*u + 11*u. Calculate the highest common divisor of u and 336.
42
Let y = 4361 + -1883. What is the highest common factor of y and 59?
59
Suppose 5*q - 2*q - 15 = 0. Suppose 0 = 2*r + 4*z - 4, q*r = r - 2*z + 32. What is the highest common divisor of r and 25?
5
Let g be -5 + -5 + 2 + -1. Let s = -5 - g. Suppose -2 = -5*p + s*p. Calculate the highest common divisor of p and 2.
2
Suppose 16 = 2*i + 2*w, i - w + 0 = -2. Suppose 2*q - i*r - 333 = 0, 3*q - r - 501 = 2*r. Calculate the highest common factor of q and 21.
21
Suppose 0 = 5*b - 74 - 6. Let w be (-1)/4 - (-68)/b. Calculate the highest common factor of w and 1.
1
Let q be (12 + 0)/((-26)/(-65)). Suppose -3*o + 15 = k, 0 = 3*k + 4*o - o - 57. Suppose -k = -5*p + 9. Calculate the highest common factor of q and p.
6
Suppose 5*m = 117 + 53. Let k be (240/(-72))/(1/(-51)). Calculate the greatest common factor of k and m.
34
Let u(y) = 36*y - 61. Let g be u(2). Suppose 515 - 31 = 4*s. What is the highest common factor of s and g?
11
Let z(a) = 0*a - a**3 + 8*a**2 + 1 + 5*a - 4*a. Let c = 48 + -40. Let f be z(c). What is the greatest common factor of 63 and f?
9
Let o = 84 - 24. Let b be 157 + (-36)/o + 4/(-10). What is the highest common factor of 52 and b?
52
Suppose 3*c - 8 - 151 = 0. Suppose -p + 74 = c. Calculate the highest common factor of p and 6.
3
Let k be (-6532)/(-184) + (-10)/4. What is the highest common factor of 209 and k?
11
Let m be (-32826)/(-24) - 1/(-4). Suppose 11*u + m = 15*u. What is the greatest common divisor of u and 38?
38
Let s = 5563 - 5486. Suppose 2*g + 59 + 7 = 0. Let n = -22 - g. What is the greatest common divisor of s and n?
11
Let p = 341 - 132. Let o be 2*15/(-2)*-1. Let l be o + (-2 - -9 - 3). What is the greatest common divisor of l and p?
19
Suppose -4*t - 3*f = -6*t + 128, -3*t = 2*f - 218. Let c = -364 - -392. What is the highest common factor of t and c?
14
Let u(y) = y**3 + 11*y**2 - 11*y - 5. Let s = 7 - 8. Let n be (-9 - (s + 3)) + 0. Let x be u(n). Calculate the greatest common divisor of 29 and x.
29
Let d(a) = 6*a**2 - 9*a - 8. Let o be d(3). What is the greatest common factor of o and 152?
19
Suppose -i + 9 = -t - 9, -5*i - 2*t = -83. What is the highest common divisor of i and 425?
17
Suppose 3*v + 2205 - 6825 = 0. Let o = -1100 + v. Calculate the highest common factor of o and 55.
55
Suppose -f = 3*m - 382, 2*m + 5*f - 108 - 164 = 0. What is the greatest common divisor of 72 and m?
18
Suppose g + 4*r - 48 = 0, g - 6*r = -r + 93. Suppose -99*l + 147 = -96*l + n, 5*l - 3*n = 273. What is the greatest common factor of l and g?
17
Let c be 6/(-12)*(-44)/(-2). Let g = c - -26. Suppose -f + 47 + 13 = 0. What is the highest common factor of f and g?
15
Suppose 4*u = -5*y + 79, 2*y + 5*u = 36 - 1. Suppose 771 + 699 = 7*o. What is the highest common divisor of o and y?
15
Let w = -7 - -6. Let n = w - -6. Let r = -49 - -51. Calculate the highest common factor of n and r.
1
Let y = -536 + 371. Let k = y - -235. Let c = k + -4. What is the greatest common factor of c and 33?
33
Suppose 4*s + m = -s + 198, 9 = 3*m. Calculate the greatest common divisor of 3 and s.
3
Suppose -3*i + 3 = -9. Suppose -22 = -4*h - 2*o, 4*h - 5*o + 22 = 3*h. Suppose 0*w + w = 5, h*w + 21 = 3*a. What is the greatest common factor of i and a?
4
Suppose 0 = -0*d - d + 5. Suppose 0 = d*s - 347 + 47. What is the greatest common divisor of s and 24?
12
Let v = 3024 - 3007. What is the highest common factor of v and 1139?
17
Let p be 45 - (1 - (1 + 0)). Let n be (8/12)/((-4)/66). Let q = -6 - n. Calculate the highest common divisor of q and p.
5
Let q(s) = s**3 - 22*s**2 - 15*s - 24. Let l be q(23). Let h = l - 135. Calculate the greatest common divisor of h and 175.
25
Let c(u) = -u**3 + 7*u**2 + u - 1. Let n be c(7). Let s(w) = -2*w + 2 + 6*w + 0. Let p be s(n). Calculate the greatest common divisor of p and 65.
13
Let r(n) = 7*n - 12. Let k be r(10). Suppose 2*p = -4*q + 1158, 5*p = -2*q - k + 649. What is the greatest common factor of 36 and q?
36
Let f be (-3)/((-1)/26*6). Suppose -s - 41 = 5*l + 397, -2*l + s = 178. Let h = 179 + l. Calculate the highest common factor of h and f.
13
Suppose y + 2 = 8. Let g(l) = 13*l + 14. Let h be g(y). Calculate the greatest common divisor of h and 23.
23
Let d be (-21)/(-4)*(-288)/(-216). Let l = -6 - -8. Suppose 0 = l*w + w - 42. Calculate the highest common divisor of w and d.
7
Suppose k = 560 - 336. Calculate the highest common factor of k and 14.
14
Suppose 4*n = -5*g + 2 - 1, -3*n = -3*g - 21. Let y be -2*3/(-18)*g. Let w(u) = -9*u. Let r be w(y). What is the greatest common divisor of r and 81?
9
Suppose -5*m - 2*i + 445 = 2*i, 0 = -2*i. Let t = m + -14. What is the greatest common factor of t and 15?
15
Let b = 1 - -10. Let u = -2 + b. Suppose -4*a - 23 = 2*j - 209, -5*a + 216 = -3*j. What is the greatest common divisor of u and a?
9
Let h = 4 + -4. Let t be (1 + 0)/(1 + h). Let v(n) = n + 17. Let b be v(-9). What is the highest common divisor of t and b?
1
Let h be -3*(-2)/(-33) + (-18060)/(-231). What is the highest common factor of 6 and h?
6
Suppose -4*a - 5*l - 17 = 0, 2*a + 2 - 21 = 3*l. Suppose -c + 14 = u, -u - 38 = -a*c + 2*u. What is the highest common divisor of c and 8?
8
Let t be (-1 - (-13)/15) + 539/105. Let i(p) = -p**2 + 7*p + 15. Let y be i(t). Calculate the greatest common divisor of y and 75.
25
Suppose h = -5*q - 770, 5*q - 2*h = 8*q + 462. Suppose 461 + 1299 = 5*i. Let b = q + i. What is the greatest common divisor of b and 18?
18
Suppose -9 = -2*c + 4*l + 3, -4*c + l = -3. Suppose c = -0*q + 4*q - 224. What is the greatest common divisor of 8 and q?
8
Let p = -9 - -6. Let w be (0 - -1)*(p - -2)*-1. Calculate the greatest common divisor of w and 3.
1
Let k = -233 + 237. Calculate the greatest common factor of 22 and k.
2
Let v be (4080/(-36))/(5 + 85/(-15)). Calculate the highest common factor of 442 and v.
34
Suppose 9*m + 6 = 42. What is the greatest common divisor of 28 and m?
4
Let b be ((-22)/33)/((-6)/288 + 0). Calculate the greatest common divisor of b and 100.
4
Suppose 0*d - 56 = -7*d. What is the highest common divisor of d and 1000?
8
Let i = 136 + 689. What is the highest common divisor of 99 and i?
33
Suppose -4*g = -u + 290 - 115, 4*u = 5*g + 656. Suppose -u = -7*v - 5. Calculate the greatest common divisor of v and 11.
11
Suppose r = -15*r + 640. What is the highest common factor of r and 80?
40
Let b(o) = 5*o + 7. Let d be b(5). Let y be (0 - (24 + -22)) + 1*10. Calculate the greatest common divisor of y and d.
8
Suppose 0 = -0*z + 3*z - 126. Let i(w) = 9*w + 51. Let v be i(6). Calculate the highest common divisor of v and z.
21
Let d = 317 - 196. Let r(i) = -i**3 + 8*i**2 + 3*i - 13. Let b be r(8). Calculate the highest common factor of d and b.
11
Let g(v) = 6*v + 4. Let b be g(2). Let f be (2 + -3 - -2)*0. Suppose -n + y = -f*y - b, n - 4 = -2*y. Calculate the highest common divisor of 6 and n.
6
Let u(n) = n**2 + 13*n + 42. Let m be u(-10). Suppose m*q = 9 + 3. Let l be 4/18 - 21/(-27). Calculate the highest common factor of l and q.
1
Suppose 458 = 11*f + 106. Let m(a) = -41*a - 2. Let x be m(-2). Calculate the highest common divisor of f and x.
16
Suppose 358*r - 80 = 348*r. Let q(o) = o**3 + o**2 - o + 2. Let v be q(-2). Let y be v - 4*-1*1. Calculate the highest common divisor of y and r.
4
Let z(r) = 2*r**2 + 4*r. Let h be z(-3). Let u = -110 - -108. Let k be (2/2 - 10)*u. What is the highest common divisor of h and k?
6
Suppose 0*i = -i + 18. Let d be (4/(-2))/6*0. Suppose 8*q - 1584 = -d*q. Calculate the highest common factor of q and i.
18
Suppose -7*h + 75 = -58. Calculate the highest common divisor of 513 and h.
19
Let j = 0 - 1. Let z be -3 + (315/18)/(j/(-2)). What is the greatest common factor of z and 48?
16
Let z(g) = -g + 3. Let r be z(3). Suppose 0 = -r*k - 2*k - 5*d + 340, 5*k - 850 = -d. Calculate the greatest common divisor of k and 34.
34
Suppose 0 = u - 1, -5*u = p + 2*p - 131. Calculate the greatest co